07.
3, 22369
List the prime factors of 465064.
2, 61, 953
What are the prime factors of 7282400?
2, 5, 9103
What are the prime factors of 92958?
2, 3, 15493
What are the prime factors of 654231?
3, 218077
What are the prime factors of 12037554?
2, 3, 73, 9161
List the prime factors of 198820.
2, 5, 9941
What are the prime factors of 11518325?
5, 7, 13, 61, 83
List the prime factors of 104886.
2, 3, 5827
List the prime factors of 1932113.
1932113
List the prime factors of 205350.
2, 3, 5, 37
List the prime factors of 117118.
2, 31, 1889
List the prime factors of 980759.
13, 37, 2039
List the prime factors of 979763.
557, 1759
List the prime factors of 102375.
3, 5, 7, 13
List the prime factors of 264235.
5, 43, 1229
What are the prime factors of 18361516?
2, 43, 106753
What are the prime factors of 822993?
3, 41, 6691
List the prime factors of 88001.
88001
List the prime factors of 228874.
2, 19, 317
List the prime factors of 4163091.
3, 937, 1481
What are the prime factors of 220607?
167, 1321
List the prime factors of 224871.
3, 23, 3259
What are the prime factors of 244271?
137, 1783
What are the prime factors of 45183?
3, 15061
List the prime factors of 191431.
47, 4073
What are the prime factors of 493598?
2, 7, 35257
List the prime factors of 1821436.
2, 31, 37, 397
List the prime factors of 22560899.
79, 347, 823
What are the prime factors of 213038?
2, 7, 15217
List the prime factors of 83179.
223, 373
List the prime factors of 8748379.
19, 283, 1627
List the prime factors of 756919.
756919
List the prime factors of 234096.
2, 3, 4877
List the prime factors of 4067428.
2, 379, 2683
List the prime factors of 2843023.
2843023
List the prime factors of 612525.
3, 5, 8167
What are the prime factors of 921282?
2, 3, 233, 659
List the prime factors of 182025.
3, 5, 809
List the prime factors of 21278075.
5, 7, 13, 47, 199
What are the prime factors of 1959912?
2, 3, 163, 167
List the prime factors of 206450.
2, 5, 4129
List the prime factors of 711534.
2, 3, 118589
List the prime factors of 231192.
2, 3, 13, 19
List the prime factors of 1732477.
19, 91183
What are the prime factors of 260453?
260453
What are the prime factors of 106156?
2, 26539
List the prime factors of 338233.
7, 211, 229
List the prime factors of 343560.
2, 3, 5, 7, 409
What are the prime factors of 915810?
2, 3, 5, 7, 89
What are the prime factors of 658773?
3, 2711
List the prime factors of 9089102.
2, 11, 413141
What are the prime factors of 2193697?
11, 17, 11731
What are the prime factors of 167531?
7, 13, 263
What are the prime factors of 63515?
5, 12703
What are the prime factors of 1446050?
2, 5, 28921
List the prime factors of 2290297.
379, 6043
List the prime factors of 1468492.
2, 367123
List the prime factors of 114669.
3, 31, 137
List the prime factors of 691193.
691193
What are the prime factors of 64839?
3, 21613
What are the prime factors of 102676?
2, 7, 19, 193
What are the prime factors of 2333759?
2333759
List the prime factors of 7532077.
7, 1076011
List the prime factors of 367516.
2, 139, 661
What are the prime factors of 5704971?
3, 421, 4517
List the prime factors of 44817.
3, 14939
List the prime factors of 1094302.
2, 11, 49741
What are the prime factors of 4753070?
2, 5, 7, 67901
What are the prime factors of 158546?
2, 79273
What are the prime factors of 839833?
43, 19531
List the prime factors of 4410127.
4410127
List the prime factors of 109050.
2, 3, 5, 727
List the prime factors of 242719.
23, 61, 173
List the prime factors of 120738.
2, 3, 20123
What are the prime factors of 190129?
190129
What are the prime factors of 1009809?
3, 29, 53, 73
List the prime factors of 239366.
2, 29, 4127
What are the prime factors of 347590?
2, 5, 34759
List the prime factors of 40169.
40169
What are the prime factors of 335341?
335341
List the prime factors of 12415540.
2, 5, 620777
What are the prime factors of 16845088?
2, 13, 40493
What are the prime factors of 5216120?
2, 5, 7, 13, 1433
What are the prime factors of 8092465?
5, 601, 2693
List the prime factors of 185622.
2, 3, 30937
List the prime factors of 985963.
11, 89633
What are the prime factors of 376712?
2, 7, 31
What are the prime factors of 3098642?
2, 1549321
What are the prime factors of 3337363?
37, 90199
What are the prime factors of 3463665?
3, 5, 17, 47
What are the prime factors of 143201?
89, 1609
What are the prime factors of 3135822?
2, 3, 522637
What are the prime factors of 1634594?
2, 13, 62869
List the prime factors of 283599.
3, 31511
List the prime factors of 117328.
2, 7333
List the prime factors of 2534602.
2, 7, 197, 919
What are the prime factors of 3749562?
2, 3, 208309
What are the prime factors of 2035433?
2035433
What are the prime factors of 65462?
2, 71, 461
What are the prime factors of 655543?
7, 71, 1319
List the prime factors of 4457723.
17, 19, 37, 373
List the prime factors of 1037725.
5, 13, 31, 103
List the prime factors of 5896711.
5896711
What are the prime factors of 1539673?
17, 41, 47
List the prime factors of 4114193.
4114193
List the prime factors of 5916733.
19, 311407
List the prime factors of 3602076.
2, 3, 23, 31, 421
What are the prime factors of 12770060?
2, 5, 17, 23, 71
List the prime factors of 417247.
397, 1051
List the prime factors of 565048.
2, 11, 6421
What are the prime factors of 17823?
3, 13, 457
What are the prime factors of 4139982?
2, 3, 7, 11, 29, 103
What are the prime factors of 861509?
11, 17, 271
What are the prime factors of 810785?
5, 167, 971
What are the prime factors of 7433618?
2, 857, 4337
List the prime factors of 3642448.
2, 227653
What are the prime factors of 276971?
47, 71, 83
List the prime factors of 6873342.
2, 3, 7, 37, 4423
List the prime factors of 1053805.
5, 210761
What are the prime factors of 253457?
191, 1327
What are the prime factors of 11081039?
2437, 4547
What are the prime factors of 908870?
2, 5, 90887
What are the prime factors of 13133974?
2, 7, 419, 2239
List the prime factors of 6720817.
6720817
What are the prime factors of 11596809?
3, 7, 41, 13469
What are the prime factors of 275408?
2, 7, 2459
List the prime factors of 1422994.
2, 711497
What are the prime factors of 86884?
2, 7, 29, 107
List the prime factors of 9332920.
2, 5, 233323
List the prime factors of 639879.
3, 263, 811
List the prime factors of 1098341.
1098341
What are the prime factors of 365470?
2, 5, 7, 23, 227
What are the prime factors of 4916298?
2, 3, 17, 157, 307
What are the prime factors of 22744248?
2, 3, 43, 22039
What are the prime factors of 1171216?
2, 71, 1031
What are the prime factors of 732005?
5, 281, 521
What are the prime factors of 129138?
2, 3, 21523
List the prime factors of 162324.
2, 3, 167
What are the prime factors of 176721?
3, 58907
List the prime factors of 861556.
2, 215389
List the prime factors of 2088182.
2, 1044091
List the prime factors of 32344207.
7, 4620601
List the prime factors of 1840517.
7, 241, 1091
What are the prime factors of 349768?
2, 43721
List the prime factors of 1273212.
2, 3, 11789
What are the prime factors of 100162?
2, 61, 821
List the prime factors of 666697.
666697
What are the prime factors of 360682?
2, 7, 25763
List the prime factors of 996308.
2, 233, 1069
What are the prime factors of 164404?
2, 23, 1787
List the prime factors of 2585871.
3, 95773
List the prime factors of 7667668.
2, 1916917
List the prime factors of 1010084.
2, 373, 677
List the prime factors of 1246599.
3, 138511
What are the prime factors of 256381?
23, 71, 157
What are the prime factors of 151997?
17, 8941
What are the prime factors of 334475?
5, 17, 787
What are the prime factors of 526241?
113, 4657
List the prime factors of 546732.
2, 3, 15187
List the prime factors of 625320.
2, 3, 5, 193
What are the prime factors of 50545?
5, 11, 919
What are the prime factors of 4195772?
2, 7, 21407
List the prime factors of 4697727.
3, 23, 103, 661
What are the prime factors of 4561119?
3, 506791
What are the prime factors of 1108602?
2, 3, 11, 509
What are the prime factors of 560395?
5, 11, 23, 443
What are the prime factors of 324269?
11, 41, 719
What are the prime factors of 14748659?
14748659
List the prime factors of 6651229.
13, 511633
What are the prime factors of 2338527?
3, 71, 10979
W